-33 + 2342?
2304
In base 6, what is 204 + -113?
51
In base 7, what is 5 + -5?
0
In base 15, what is -8 + -5d?
-66
In base 6, what is 13545 + 5?
13554
In base 14, what is d + -49?
-3a
In base 8, what is -340 - 3?
-343
In base 8, what is 337 - -4?
343
In base 7, what is -144 - -4?
-140
In base 3, what is -11 + -10012?
-10100
In base 10, what is -131 - -14?
-117
In base 9, what is -4 + 451?
446
In base 5, what is -34 - -20234?
20200
In base 3, what is -102210 - -22?
-102111
In base 11, what is -359 + 3?
-356
In base 15, what is 6 - 184?
-17d
In base 15, what is -d40 - -1?
-d3e
In base 14, what is -1a + 27?
b
In base 12, what is -2 - 65a?
-660
In base 7, what is -54 + -1120?
-1204
In base 12, what is 7 - -14?
1b
In base 15, what is 40 + 14?
54
In base 15, what is 0 + -81?
-81
In base 14, what is 1 + 42?
43
In base 9, what is -46 - -17?
-28
In base 11, what is 4 - 47?
-43
In base 11, what is 5 + -163?
-159
In base 7, what is -2404 - -11?
-2363
In base 8, what is 0 + -4523?
-4523
In base 4, what is -20 + -213?
-233
In base 15, what is 0 - -88a?
88a
In base 7, what is 3 + 60?
63
In base 9, what is -4060 + 0?
-4060
In base 9, what is -13 + 53?
40
In base 9, what is 2453 - 4?
2448
In base 3, what is -101 - 22210?
-100011
In base 12, what is 9 - 4?
5
In base 13, what is -1ac + -5?
-1b4
In base 10, what is -321 + 3?
-318
In base 4, what is 10 + 122211?
122221
In base 7, what is -3 + 4?
1
In base 15, what is 30e + -3?
30b
In base 16, what is 2 + 1b1?
1b3
In base 8, what is 2 - -520?
522
In base 8, what is -2 + 1242?
1240
In base 13, what is -29a + -1b?
-2b8
In base 13, what is -b - -a?
-1
In base 5, what is 142321 - 4?
142312
In base 16, what is -15 + 3?
-12
In base 4, what is -32 + 312?
220
In base 4, what is -3120 - 11?
-3131
In base 15, what is 10 + 1ab?
1bb
In base 14, what is 11 - -54?
65
In base 2, what is 10100 - 100111?
-10011
In base 8, what is -65 + 124?
37
In base 16, what is 1 - 365?
-364
In base 7, what is 112 - -413?
525
In base 5, what is 2324 - -4?
2333
In base 6, what is 1 + -214?
-213
In base 11, what is 0 + 164?
164
In base 6, what is 234323 - 1?
234322
In base 10, what is 16 - -40?
56
In base 10, what is 4 - 6?
-2
In base 15, what is 2 + -26?
-24
In base 6, what is 3 + -3541?
-3534
In base 15, what is -5 + -b?
-11
In base 4, what is -2 + 10302?
10300
In base 4, what is -112230 - -2?
-112222
In base 9, what is 1 - 1250?
-1248
In base 3, what is 101 - -10?
111
In base 8, what is 245 + -3?
242
In base 4, what is -10 - 11120?
-11130
In base 14, what is -5 + -2a9?
-2b0
In base 13, what is -3a6 + -2?
-3a8
In base 4, what is 10 - 1231?
-1221
In base 15, what is -3 + 45b?
458
In base 4, what is -20032 + 1?
-20031
In base 2, what is 110 - -1111?
10101
In base 12, what is -5633 - 1?
-5634
In base 9, what is -2 + -2464?
-2466
In base 4, what is 23 + 103?
132
In base 16, what is -1 + -4fa?
-4fb
In base 2, what is 0 + -10100100000?
-10100100000
In base 2, what is -1 - -100101100?
100101011
In base 2, what is -111 - 10100110?
-10101101
In base 8, what is -160 - 10?
-170
In base 11, what is -a488 + -2?
-a48a
In base 8, what is 4 - -3063?
3067
In base 10, what is -1 + 18?
17
In base 16, what is 4a6b - 0?
4a6b
In base 12, what is 190 - 16?
176
In base 6, what is 0 + 30?
30
In base 3, what is -1012 - 21?
-1110
In base 2, what is 1111011101 - -1011?
1111101000
In base 12, what is 26b3 + -5?
26aa
In base 5, what is -41 + -1311?
-1402
In base 4, what is -11 + -1132112?
-1132123
In base 16, what is 5 + -12f6?
-12f1
In base 2, what is 10010110 - 10100?
10000010
In base 16, what is -5 - fc?
-101
In base 12, what is -2689 + 2?
-2687
In base 5, what is -2041 + 2?
-2034
In base 10, what is -3 - -578?
575
In base 15, what is -3 + -218?
-21b
In base 4, what is 221 - 3?
212
In base 8, what is 5 - 170?
-163
In base 3, what is 11 - 1010?
-222
In base 14, what is d95 - -3?
d98
In base 4, what is 11 - -3022?
3033
In base 4, what is -332 + 121?
-211
In base 2, what is -1011110 + 1011?
-1010011
In base 2, what is 1111011111 - 1000?
1111010111
In base 13, what is -5 - 61?
-66
In base 5, what is 303041 + 0?
303041
In base 15, what is -3 - -18?
15
In base 14, what is 1456 - 5?
1451
In base 8, what is -11 - 157?
-170
In base 16, what is -97 + 4?
-93
In base 8, what is -34 + -1?
-35
In base 2, what is 10000010011010 - 101?
10000010010101
In base 8, what is 34 + 133?
167
In base 12, what is 0 + -ab?
-ab
In base 16, what is -4 - 7c?
-80
In base 7, what is 33 + 0?
33
In base 13, what is 916 + -5?
911
In base 13, what is -572 + -3?
-575
In base 7, what is 13516 - 2?
13514
In base 6, what is -3 + -13254?
-13301
In base 6, what is -5 + -451?
-500
In base 12, what is 5 - -1ab?
1b4
In base 11, what is 9498 - -5?
94a2
In base 13, what is -2 - -56?
54
In base 10, what is -790 - -11?
-779
In base 6, what is 1431 + -30?
1401
In base 13, what is 2bb - -7?
2c5
In base 4, what is 322 + -111?
211
In base 11, what is a - 192?
-183
In base 15, what is -7 - -3d?
36
In base 15, what is -21 + -5?
-26
In base 14, what is -1c0 + 1?
-1bd
In base 2, what is -100111 + 0?
-100111
In base 9, what is 1278 + 0?
1278
In base 8, what is -105 + 2?
-103
In base 13, what is 3a + -a?
30
In base 14, what is 3 + 4d0?
4d3
In base 16, what is 97b + 5?
980
In base 8, what is 45 - -51?
116
In base 9, what is -3 + 61?
57
In base 12, what is 3 + -19?
-16
In base 5, what is -10 - -1331?
1321
In base 10, what is -5 + 4017?
4012
In base 4, what is -1130 - -10?
-1120
In base 4, what is -10012112 - 2?
-10012120
In base 8, what is 16250 - -1?
16251
In base 9, what is 12 + 23?
35
In base 12, what is 25 - 1b?
6
In base 10, what is -8 + 627?
619
In base 15, what is 5 - 3d?
-38
In base 9, what is -623 - 15?
-638
In base 5, what is 1 + 334?
340
In base 16, what is d - 36?
-29
In base 3, what is -12 - 1011?
-1100
In base 5, what is 4 + 1021?
1030
In base 14, what is -26cc - 4?
-26d2
In base 11, what is 8 - 18?
-10
In base 11, what is -1 - 56?
-57
In base 10, what is -2 + 149?
147
In base 9, what is 138 - 2?
136
In base 2, what is 1111101100 + -11?
1111101001
In base 11, what is -2 - -1275?
1273
In base 9, what is 3 + 441?
444
In base 3, what is -122120110 + 1?
-122120102
In base 4, what is 1 - -121?
122
In base 16, what is 3 - -22?
25
In base 9, what is -34 + 22?
-12
In base 2, what is 111111101 - 1?
111111100
In base 11, what is -22 - -10?
-12
In base 8, what is 2 - 1?
1
In base 5, what is 14112 + 3?
14120
In base 14, what is -6 - 2c?
-34
In base 10, what is 47 - 1?
46
In base 5, what is 30142 + 1?
30143
In base 7, what is -31 + -5?
-36
In base 13, what is 2a94 - -3?
2a97
In base 15, what is 66 + -4e?
17
In base 15, what is 1 - 1c5?
-1c4
In base 6, what is 524 + -5?
515
In base 3, what is 22 + -1012?
-220
In base 2, what is 10110110 - 111001?
1111101
In base 2, what is 100 + -100001011000?
-100001010100
In base 3, what is -1210 + 2100?
120
In base 2, what is 111011 + -101?
110110
In base 11, what is 5 + -725?
-720
In base 12, what is -155 - 3?
-158
In base 6, what is -1 - -1053?
1052
In base 10, what is -5 - -10?
5
In base 7, what is -2 - 6?
-11
In base 12, what is -2 + 49?
47
In base 8, what is 1 - -12?
13
In base 16, what is -4 - -92?
8e
In base 16, what is 4 - 78?
-74
In base 3, what is 1 + 10011011?
10011012
In base 14, what is -215b - 0?
-215b
In base 15, what is 57d + -1?
57c
In base 5, what is -130442 - -3?
-130434
In base 15, what is 5a + -a?
50
In base 3, what is 20 - -11000?
11020
In base 14, what is 14d + -6?
147
In base 14, what is b + -33?
-26
In base 16, what is 7b - 11?
6a
In base 6, what is -3 - 3351?
-3354
In base 11, what is -4 - 147?
-150
In base 16, what is -2 + -cd?
-cf
In base 2, what is 1111 + 100101010?
100111001
In base 6, what is -2 + -241?
-243
In base 8, what is 4 - -134?
140
In base 7, what is -13 - 36?
-52
In base 7, what is -52 - -54?
2
In base 8, what is -20 + -52?
-72
In base 6, what is 1 + -214?
-213
In base 5, what is -244002 + -4?
-244011
In base 5, what is 302 + 2?
304
In base 12, what is 4 - -36?
3a
In base 7, what is 3 - -212?
215
In base 10, what is 2 + -27?
-25
In base 7, what is 3 + 353?
356
In base 12, what is -153 + -3?
-156
In base 10, what is -2713 - 6?
-2719
In base 13, what is 11 + -5?
9
In base 10, what is 2 + -3?
-1
In base 8, what is 2 - 44?
-42
In base 10, what is -26 - 16?